{"id":11789,"date":"2021-01-29T22:59:44","date_gmt":"2021-01-30T02:59:44","guid":{"rendered":"https:\/\/iap5.org\/?page_id=11789"},"modified":"2021-11-28T12:23:53","modified_gmt":"2021-11-28T16:23:53","slug":"ministerio-de-la-mujer","status":"publish","type":"page","link":"https:\/\/iap5.org\/index.php\/ministerio-de-la-mujer\/","title":{"rendered":"Ministerio de la Mujer"},"content":{"rendered":"\t\t<div data-elementor-type=\"wp-page\" data-elementor-id=\"11789\" class=\"elementor elementor-11789\" data-elementor-post-type=\"page\">\n\t\t\t\t\t\t<section class=\"elementor-section elementor-top-section elementor-element elementor-element-1d34b23 elementor-section-boxed elementor-section-height-default elementor-section-height-default\" data-id=\"1d34b23\" data-element_type=\"section\" data-e-type=\"section\">\n\t\t\t\t\t\t<div class=\"elementor-container elementor-column-gap-default\">\n\t\t\t\t\t<div class=\"elementor-column elementor-col-100 elementor-top-column elementor-element elementor-element-14633b7\" data-id=\"14633b7\" data-element_type=\"column\" data-e-type=\"column\">\n\t\t\t<div class=\"elementor-widget-wrap elementor-element-populated\">\n\t\t\t\t\t\t<div class=\"elementor-element elementor-element-cc00c58 elementor-widget elementor-widget-image-carousel\" data-id=\"cc00c58\" data-element_type=\"widget\" data-e-type=\"widget\" data-settings=\"{&quot;navigation&quot;:&quot;none&quot;,&quot;slides_to_show&quot;:&quot;1&quot;,&quot;autoplay&quot;:&quot;yes&quot;,&quot;pause_on_hover&quot;:&quot;yes&quot;,&quot;pause_on_interaction&quot;:&quot;yes&quot;,&quot;autoplay_speed&quot;:5000,&quot;infinite&quot;:&quot;yes&quot;,&quot;effect&quot;:&quot;slide&quot;,&quot;speed&quot;:500}\" data-widget_type=\"image-carousel.default\">\n\t\t\t\t<div class=\"elementor-widget-container\">\n\t\t\t\t\t\t\t<div class=\"elementor-image-carousel-wrapper swiper\" role=\"region\" aria-roledescription=\"carousel\" aria-label=\"Image Carousel\" dir=\"ltr\">\n\t\t\t<div class=\"elementor-image-carousel swiper-wrapper\" aria-live=\"off\">\n\t\t\t\t\t\t\t\t<div class=\"swiper-slide\" role=\"group\" aria-roledescription=\"slide\" aria-label=\"1 of 1\"><figure class=\"swiper-slide-inner\"><img decoding=\"async\" class=\"swiper-slide-image\" src=\"https:\/\/i0.wp.com\/iap5.org\/wp-content\/uploads\/2018\/03\/Slider-de-WP-IAP5.ORG_.jpg?fit=1920%2C700&amp;ssl=1\" alt=\"Ministerio de la Mujer\" \/><\/figure><\/div>\t\t\t<\/div>\n\t\t\t\t\t<\/div>\n\t\t\t\t\t\t<\/div>\n\t\t\t\t<\/div>\n\t\t\t\t<div class=\"elementor-element elementor-element-8fa3c65 elementor-widget elementor-widget-text-editor\" data-id=\"8fa3c65\" data-element_type=\"widget\" data-e-type=\"widget\" data-widget_type=\"text-editor.default\">\n\t\t\t\t<div class=\"elementor-widget-container\">\n\t\t\t\t\t\t\t\t\t<p>El Departamento de Ministerios de la Mujer existe para defender, promover y desafiar a las mujeres adventistas en su peregrinaci\u00f3n como disc\u00edpulas de Jesucristo y a los miembros de la iglesia mundial.<\/p><p><strong>MISI\u00d3N<\/strong><br \/>Nuestro prop\u00f3sito es inspirar a las mujeres a alcanzar su pleno potencial en Cristo; capacitarlas para que profundicen su vida espiritual y pongan su fe en acci\u00f3n al emplear sus valiosos dones a su servicio, llegando a ser as\u00ed una parte significativa en el apresuramiento del regreso de Cristo.<br \/>Ministrar con amor y empat\u00eda las necesidades espirituales, f\u00edsicas, mentales y sociales de hombres, mujeres y ni\u00f1os, mostrando y declarando el amor de Dios por la humanidad.<br \/>Nuestro blanco m\u00e1ximo es enaltecer a Jesucristo y a \u00e9ste crucificado.<br \/>Nuestra misi\u00f3n es, en el sentido m\u00e1s amplio, com\u00fan a todos los cristianos: enaltecer a Cristo en la iglesia y el mundo.<\/p><p><strong>VISI\u00d3N<\/strong><br \/>Enaltecer a Jesucristo, y a \u00e9ste crucificado, capacitando a las mujeres para descubrir y emplear su liderazgo y ministerios del hogar, en la iglesia y la comunidad. Por el poder transformador del evangelio, su fuerza ser\u00e1 la fuerza de ellas. El departamento de Ministerios de la Mujer se esforzar\u00e1 en enriquecer y capacitar a las mujeres para percibir su valor como seres humanos en Cristo y su papel en la iglesia y en la sociedad.<\/p><p>Canto tema \u00abYo Ir\u00e9\u00bb<\/p>\t\t\t\t\t\t\t\t<\/div>\n\t\t\t\t<\/div>\n\t\t\t\t\t<\/div>\n\t\t<\/div>\n\t\t\t\t\t<\/div>\n\t\t<\/section>\n\t\t\t\t<section class=\"elementor-section elementor-top-section elementor-element elementor-element-edb0924 elementor-section-boxed elementor-section-height-default elementor-section-height-default\" data-id=\"edb0924\" data-element_type=\"section\" data-e-type=\"section\">\n\t\t\t\t\t\t<div class=\"elementor-container elementor-column-gap-default\">\n\t\t\t\t\t<div class=\"elementor-column elementor-col-100 elementor-top-column elementor-element elementor-element-3c0720b\" data-id=\"3c0720b\" data-element_type=\"column\" data-e-type=\"column\">\n\t\t\t<div class=\"elementor-widget-wrap elementor-element-populated\">\n\t\t\t\t\t\t<div class=\"elementor-element elementor-element-6731df6 elementor-widget elementor-widget-video\" data-id=\"6731df6\" data-element_type=\"widget\" data-e-type=\"widget\" data-settings=\"{&quot;youtube_url&quot;:&quot;https:\\\/\\\/youtu.be\\\/lDCrchJqBR4&quot;,&quot;video_type&quot;:&quot;youtube&quot;,&quot;controls&quot;:&quot;yes&quot;}\" data-widget_type=\"video.default\">\n\t\t\t\t<div class=\"elementor-widget-container\">\n\t\t\t\t\t\t\t<div class=\"elementor-wrapper elementor-open-inline\">\n\t\t\t<div class=\"elementor-video\"><\/div>\t\t<\/div>\n\t\t\t\t\t\t<\/div>\n\t\t\t\t<\/div>\n\t\t\t\t\t<\/div>\n\t\t<\/div>\n\t\t\t\t\t<\/div>\n\t\t<\/section>\n\t\t\t\t<\/div>\n\t\t","protected":false},"excerpt":{"rendered":"<p>El Departamento de Ministerios de la Mujer existe para defender, promover y desafiar a las mujeres adventistas en su peregrinaci\u00f3n como disc\u00edpulas de Jesucristo y a los miembros de la iglesia mundial. MISI\u00d3NNuestro prop\u00f3sito es inspirar a las mujeres a alcanzar su pleno potencial en Cristo; capacitarlas para que profundicen su vida espiritual y pongan [&hellip;]<\/p>\n","protected":false},"author":1,"featured_media":0,"parent":0,"menu_order":0,"comment_status":"closed","ping_status":"closed","template":"","meta":{"footnotes":""},"class_list":["post-11789","page","type-page","status-publish","hentry"],"jetpack_sharing_enabled":true,"_links":{"self":[{"href":"https:\/\/iap5.org\/index.php\/wp-json\/wp\/v2\/pages\/11789","targetHints":{"allow":["GET"]}}],"collection":[{"href":"https:\/\/iap5.org\/index.php\/wp-json\/wp\/v2\/pages"}],"about":[{"href":"https:\/\/iap5.org\/index.php\/wp-json\/wp\/v2\/types\/page"}],"author":[{"embeddable":true,"href":"https:\/\/iap5.org\/index.php\/wp-json\/wp\/v2\/users\/1"}],"replies":[{"embeddable":true,"href":"https:\/\/iap5.org\/index.php\/wp-json\/wp\/v2\/comments?post=11789"}],"version-history":[{"count":7,"href":"https:\/\/iap5.org\/index.php\/wp-json\/wp\/v2\/pages\/11789\/revisions"}],"predecessor-version":[{"id":12136,"href":"https:\/\/iap5.org\/index.php\/wp-json\/wp\/v2\/pages\/11789\/revisions\/12136"}],"wp:attachment":[{"href":"https:\/\/iap5.org\/index.php\/wp-json\/wp\/v2\/media?parent=11789"}],"curies":[{"name":"wp","href":"https:\/\/api.w.org\/{rel}","templated":true}]}}