{"id":11779,"date":"2021-01-29T22:35:36","date_gmt":"2021-01-30T02:35:36","guid":{"rendered":"https:\/\/iap5.org\/?page_id=11779"},"modified":"2021-11-28T12:23:59","modified_gmt":"2021-11-28T16:23:59","slug":"ministerio-infantil-y-del-adolescente","status":"publish","type":"page","link":"https:\/\/iap5.org\/index.php\/ministerio-infantil-y-del-adolescente\/","title":{"rendered":"Ministerio Infantil y del Adolescente"},"content":{"rendered":"\t\t<div data-elementor-type=\"wp-page\" data-elementor-id=\"11779\" class=\"elementor elementor-11779\" data-elementor-post-type=\"page\">\n\t\t\t\t\t\t<section class=\"elementor-section elementor-top-section elementor-element elementor-element-a85111e elementor-section-boxed elementor-section-height-default elementor-section-height-default\" data-id=\"a85111e\" data-element_type=\"section\" data-e-type=\"section\">\n\t\t\t\t\t\t<div class=\"elementor-container elementor-column-gap-default\">\n\t\t\t\t\t<div class=\"elementor-column elementor-col-100 elementor-top-column elementor-element elementor-element-bbc167d\" data-id=\"bbc167d\" data-element_type=\"column\" data-e-type=\"column\">\n\t\t\t<div class=\"elementor-widget-wrap elementor-element-populated\">\n\t\t\t\t\t\t<div class=\"elementor-element elementor-element-a9ad06d elementor-pagination-position-outside elementor-widget elementor-widget-image-carousel\" data-id=\"a9ad06d\" data-element_type=\"widget\" data-e-type=\"widget\" data-settings=\"{&quot;navigation&quot;:&quot;dots&quot;,&quot;slides_to_show&quot;:&quot;1&quot;,&quot;autoplay&quot;:&quot;yes&quot;,&quot;pause_on_hover&quot;:&quot;yes&quot;,&quot;pause_on_interaction&quot;:&quot;yes&quot;,&quot;autoplay_speed&quot;:5000,&quot;infinite&quot;:&quot;yes&quot;,&quot;effect&quot;:&quot;slide&quot;,&quot;speed&quot;:500}\" data-widget_type=\"image-carousel.default\">\n\t\t\t\t<div class=\"elementor-widget-container\">\n\t\t\t\t\t\t\t<div class=\"elementor-image-carousel-wrapper swiper\" role=\"region\" aria-roledescription=\"carousel\" aria-label=\"Image Carousel\" dir=\"ltr\">\n\t\t\t<div class=\"elementor-image-carousel swiper-wrapper\" aria-live=\"off\">\n\t\t\t\t\t\t\t\t<div class=\"swiper-slide\" role=\"group\" aria-roledescription=\"slide\" aria-label=\"1 of 1\"><figure class=\"swiper-slide-inner\"><img decoding=\"async\" class=\"swiper-slide-image\" src=\"https:\/\/i0.wp.com\/iap5.org\/wp-content\/uploads\/2018\/03\/Ministerio-Infantil-y-Adolecente.jpg?fit=1920%2C700&amp;ssl=1\" alt=\"Ministerio Infantil y Adolecente\" \/><\/figure><\/div>\t\t\t<\/div>\n\t\t\t\t\t<\/div>\n\t\t\t\t\t\t<\/div>\n\t\t\t\t<\/div>\n\t\t\t\t<div class=\"elementor-element elementor-element-86a950b elementor-widget elementor-widget-text-editor\" data-id=\"86a950b\" data-element_type=\"widget\" data-e-type=\"widget\" data-widget_type=\"text-editor.default\">\n\t\t\t\t<div class=\"elementor-widget-container\">\n\t\t\t\t\t\t\t\t\t<p>Es la responsabilidad del departamento servir a todos los ni\u00f1os de la iglesia de 0-14 a\u00f1os, comprometidos para que toda programaci\u00f3n de la iglesia incluya el crecimiento espiritual, social y mental de esta gran parte de la feligres\u00eda de la iglesia, incluyendo procurar la educaci\u00f3n de los padres de los mismos, tratando a su vez de impactar a ese mismo grupo dentro de la comunidad.<\/p><p>El eslogan \u02baTodo ni\u00f1o un disc\u00edpulo de Jes\u00fas\u02ba resume nuestro prop\u00f3sito<\/p>\t\t\t\t\t\t\t\t<\/div>\n\t\t\t\t<\/div>\n\t\t\t\t<div class=\"elementor-element elementor-element-ecd8e7f elementor-widget elementor-widget-video\" data-id=\"ecd8e7f\" data-element_type=\"widget\" data-e-type=\"widget\" data-settings=\"{&quot;youtube_url&quot;:&quot;https:\\\/\\\/youtu.be\\\/lP84jc-SIjE&quot;,&quot;video_type&quot;:&quot;youtube&quot;,&quot;controls&quot;:&quot;yes&quot;}\" data-widget_type=\"video.default\">\n\t\t\t\t<div class=\"elementor-widget-container\">\n\t\t\t\t\t\t\t<div class=\"elementor-wrapper elementor-open-inline\">\n\t\t\t<div class=\"elementor-video\"><\/div>\t\t<\/div>\n\t\t\t\t\t\t<\/div>\n\t\t\t\t<\/div>\n\t\t\t\t\t<\/div>\n\t\t<\/div>\n\t\t\t\t\t<\/div>\n\t\t<\/section>\n\t\t\t\t<\/div>\n\t\t","protected":false},"excerpt":{"rendered":"<p>Es la responsabilidad del departamento servir a todos los ni\u00f1os de la iglesia de 0-14 a\u00f1os, comprometidos para que toda programaci\u00f3n de la iglesia incluya el crecimiento espiritual, social y mental de esta gran parte de la feligres\u00eda de la iglesia, incluyendo procurar la educaci\u00f3n de los padres de los mismos, tratando a su vez [&hellip;]<\/p>\n","protected":false},"author":1,"featured_media":0,"parent":0,"menu_order":0,"comment_status":"closed","ping_status":"closed","template":"","meta":{"footnotes":""},"class_list":["post-11779","page","type-page","status-publish","hentry"],"jetpack_sharing_enabled":true,"_links":{"self":[{"href":"https:\/\/iap5.org\/index.php\/wp-json\/wp\/v2\/pages\/11779","targetHints":{"allow":["GET"]}}],"collection":[{"href":"https:\/\/iap5.org\/index.php\/wp-json\/wp\/v2\/pages"}],"about":[{"href":"https:\/\/iap5.org\/index.php\/wp-json\/wp\/v2\/types\/page"}],"author":[{"embeddable":true,"href":"https:\/\/iap5.org\/index.php\/wp-json\/wp\/v2\/users\/1"}],"replies":[{"embeddable":true,"href":"https:\/\/iap5.org\/index.php\/wp-json\/wp\/v2\/comments?post=11779"}],"version-history":[{"count":7,"href":"https:\/\/iap5.org\/index.php\/wp-json\/wp\/v2\/pages\/11779\/revisions"}],"predecessor-version":[{"id":12139,"href":"https:\/\/iap5.org\/index.php\/wp-json\/wp\/v2\/pages\/11779\/revisions\/12139"}],"wp:attachment":[{"href":"https:\/\/iap5.org\/index.php\/wp-json\/wp\/v2\/media?parent=11779"}],"curies":[{"name":"wp","href":"https:\/\/api.w.org\/{rel}","templated":true}]}}

<div data-elementor-type="wp-page" data-elementor-id="11779" class="elementor elementor-11779" data-elementor-post-type="page">
						<section class="elementor-section elementor-top-section elementor-element elementor-element-a85111e elementor-section-boxed elementor-section-height-default elementor-section-height-default" data-id="a85111e" data-element_type="section" data-e-type="section">
						<div class="elementor-container elementor-column-gap-default">
					<div class="elementor-column elementor-col-100 elementor-top-column elementor-element elementor-element-bbc167d" data-id="bbc167d" data-element_type="column" data-e-type="column">
			<div class="elementor-widget-wrap elementor-element-populated">
						<div class="elementor-element elementor-element-a9ad06d elementor-pagination-position-outside elementor-widget elementor-widget-image-carousel" data-id="a9ad06d" data-element_type="widget" data-e-type="widget" data-settings="{&quot;navigation&quot;:&quot;dots&quot;,&quot;slides_to_show&quot;:&quot;1&quot;,&quot;autoplay&quot;:&quot;yes&quot;,&quot;pause_on_hover&quot;:&quot;yes&quot;,&quot;pause_on_interaction&quot;:&quot;yes&quot;,&quot;autoplay_speed&quot;:5000,&quot;infinite&quot;:&quot;yes&quot;,&quot;effect&quot;:&quot;slide&quot;,&quot;speed&quot;:500}" data-widget_type="image-carousel.default">
				<div class="elementor-widget-container">
							<div class="elementor-image-carousel-wrapper swiper" role="region" aria-roledescription="carousel" aria-label="Image Carousel" dir="ltr">
			<div class="elementor-image-carousel swiper-wrapper" aria-live="off">
								<div class="swiper-slide" role="group" aria-roledescription="slide" aria-label="1 of 1"><figure class="swiper-slide-inner"><img decoding="async" class="swiper-slide-image" src="https://i0.wp.com/iap5.org/wp-content/uploads/2018/03/Ministerio-Infantil-y-Adolecente.jpg?fit=1920%2C700&amp;ssl=1" alt="Ministerio Infantil y Adolecente" /></figure></div>			</div>
					</div>
						</div>
				</div>
				<div class="elementor-element elementor-element-86a950b elementor-widget elementor-widget-text-editor" data-id="86a950b" data-element_type="widget" data-e-type="widget" data-widget_type="text-editor.default">
				<div class="elementor-widget-container">
									<p>Es la responsabilidad del departamento servir a todos los niños de la iglesia de 0-14 años, comprometidos para que toda programación de la iglesia incluya el crecimiento espiritual, social y mental de esta gran parte de la feligresía de la iglesia, incluyendo procurar la educación de los padres de los mismos, tratando a su vez de impactar a ese mismo grupo dentro de la comunidad.</p><p>El eslogan ʺTodo niño un discípulo de Jesúsʺ resume nuestro propósito</p>								</div>
				</div>
				<div class="elementor-element elementor-element-ecd8e7f elementor-widget elementor-widget-video" data-id="ecd8e7f" data-element_type="widget" data-e-type="widget" data-settings="{&quot;youtube_url&quot;:&quot;https:\/\/youtu.be\/lP84jc-SIjE&quot;,&quot;video_type&quot;:&quot;youtube&quot;,&quot;controls&quot;:&quot;yes&quot;}" data-widget_type="video.default">
				<div class="elementor-widget-container">
							<div class="elementor-wrapper elementor-open-inline">
			<div class="elementor-video"></div>		</div>
						</div>
				</div>
					</div>
		</div>
					</div>
		</section>
				</div>

<p>Es la responsabilidad del departamento servir a todos los niños de la iglesia de 0-14 años, comprometidos para que toda programación de la iglesia incluya el crecimiento espiritual, social y mental de esta gran parte de la feligresía de la iglesia, incluyendo procurar la educación de los padres de los mismos, tratando a su vez [&hellip;]</p>
